+ 5. Calculate the remainder when q(-1) is divided by 17.
14
Suppose 2*c = -8, 2*q - 7*q = c - 31. What is the remainder when 67 is divided by q?
4
Suppose 5*w = -2*d + 7 + 18, 3*d - 3*w - 27 = 0. Suppose -g = -3*f - d, -4*f = -5*g + 18 + 32. Calculate the remainder when 137 is divided by g.
7
Let w(n) = -n**2 + 5*n + 19. Let y be w(8). Suppose 2*z = -2*s + 34, 0*s - 47 = -3*z - 2*s. Calculate the remainder when z is divided by -3*5/15*y.
3
Let m(i) = i + 1. Let u be m(2). Let h(a) = -10*a + 72. Let s be h(7). Suppose s*f - 27 + 6 = -u*j, j = -3*f + 14. What is the remainder when j is divided by 3?
2
Let q(f) = 4*f - 76. Calculate the remainder when 93 is divided by q(21).
5
Calculate the remainder when ((-2)/(-6))/((-6)/7434*-7) is divided by 4.
3
Suppose -27 = 7*c + 85. Let x = -5 - c. Calculate the remainder when 53 is divided by x.
9
Let k be (16/(-5) + 4)*(-20)/(-2). Suppose 0 = k*v - 89 - 143. Calculate the remainder when v is divided by 10.
9
Let w(n) = n**3 - 12*n**2 + 12*n - 9. Let r be w(11). Suppose 6*o - o = 105. What is the remainder when r*1/(-2)*-41 is divided by o?
20
Suppose -3*q - 5*a = -299, 3*a = -q + 61 + 44. Calculate the remainder when q is divided by 24.
21
Let j(s) = 3*s**2 - 17*s + 13. Suppose v + 3 = -2*o - 2, 4*v = -5*o - 20. What is the remainder when j(7) is divided by (-3)/6*o - -14?
13
Suppose 5*c + 24 = 4, 3*c = -2*m + 106. Suppose 0 = -5*l - 5*t + 60, -4*t = 3*l - m + 21. Let y = 68 - 41. What is the remainder when y is divided by l?
7
Let z = -864 + 891. What is the remainder when z is divided by 5 + 0 + -1 + 2?
3
Suppose -5*t + 29 = -11. Suppose 138 = 2*m - 5*s, -366 = -5*m - 6*s + t*s. Calculate the remainder when m is divided by 25.
24
Let j be 1/(117/59 + -2). What is the remainder when (j/(-5))/(2/10) is divided by 2 + (30 + 1 - 2)?
28
Let r = 557 + -317. Suppose 4*y - 5*q = 195, -3*y + 4*q - r = -7*y. What is the remainder when y is divided by 28?
27
Let n be 1*(0 + (4 - 4)). Suppose 3*g + v - 44 = n, 3*g + 5*v - 38 = 2. Suppose x + 12 = 53. What is the remainder when x is divided by g?
11
Let r be (25 - 13) + (1 - -1). Suppose -5*j = -3*d + r, 2*j + 0*j - 10 = 0. Calculate the remainder when 24 is divided by d.
11
Let u be (-40)/(-6)*(-21)/(-14). Let i be 24/u + 9/15. Suppose -y = -d + 11, i*y = d - 8 - 9. Calculate the remainder when 31 is divided by d.
7
Let i = 86 + -44. Suppose 0 = 5*y, 5*y = -0*h + 2*h - i. Calculate the remainder when h is divided by 13.
8
Suppose -52 = 5*y - 3*i, -3*y - 3*i - 5 - 7 = 0. Let x(a) = -a**3 - 8*a**2 - 5*a - 6. Let w = 293 + -159. What is the remainder when w is divided by x(y)?
32
Let m(d) = d**3 - 16*d**2 + 32*d - 37. Calculate the remainder when 151 is divided by m(14).
18
Suppose 85*w = 79*w + 174. Calculate the remainder when w is divided by 3.
2
Suppose -2*z = c - 224, -7*z + 5*z + 450 = 2*c. Calculate the remainder when c is divided by 116.
110
Let d(k) = -k**3 + k + 11. Let w = 309 + -483. Calculate the remainder when w/(-4) - 3/6 is divided by d(0).
10
Suppose 27*z - 1058 + 194 = 0. Calculate the remainder when 1245 is divided by z.
29
Suppose -774 = -28*r + 19*r. What is the remainder when r is divided by 24?
14
Let k be (7 - 228/30) + (-23)/(-5). Suppose -h = k*h - 60. What is the remainder when 46 is divided by h?
10
Suppose v + 13 = k, 3*k - 55 = 4*v - 17. Suppose 0 = 11*n - k*n + 30. What is the remainder when 49 is divided by n?
9
Let w(p) = 13*p**2 - 4*p + 2. Let b be w(2). Let z = 62 - b. Calculate the remainder when 46 is divided by z.
14
Let d(g) = -12*g**3 + 2*g**2 - g - 2. Let j be d(-1). Let a = 14 + j. Suppose 0 = -3*q + 38 - 8. What is the remainder when a is divided by q?
7
Let i be ((-3)/(-2))/((-2)/(-4)). Let a = -200 - -200. Suppose i*r - 6*r + 57 = a. Calculate the remainder when r is divided by 7.
5
Let x = -1400 + 1414. What is the remainder when 40 is divided by x?
12
Let m be (-207)/(-11) - 20/(-110). What is the remainder when 1*m/(-3)*-3 is divided by 11?
8
Suppose -8*d + 2*d = -24. What is the remainder when 8 is divided by d?
0
Let q = 52 - 56. What is the remainder when 95 is divided by (16/6)/((q/(-18))/1)?
11
Let m = 63 + -65. Calculate the remainder when 35 is divided by 178/9 + m/(-9).
15
Suppose 0 = 7*g - 78 + 22. Calculate the remainder when 11 is divided by g.
3
Let d(n) = 25*n**3 + n**2 - 1. Let r be (1 + -1 - 1)/(-1). Let m(j) = -45*j + 463. What is the remainder when d(r) is divided by m(10)?
12
Suppose -5*l + 120 = 4*k - 30, l - k - 21 = 0. What is the remainder when l is divided by 7?
5
Suppose 22 = 4*k - 3*k. Let u(o) = -2*o + 58. What is the remainder when k is divided by u(26)?
4
Suppose -19 = -w - 0. Let k = w + -8. Let c(g) = g + 25. Calculate the remainder when c(-8) is divided by k.
6
Let y(b) = b**3 + 2*b**2 - 3*b + 3. Let m be ((-2)/(-4))/(1/10). Suppose x = m*x - 148. Calculate the remainder when x is divided by y(2).
11
Suppose k = -2*k + 30. Suppose 0 = -4*g, 0*s - 3*s = -2*g - 9. Suppose -4*b + 96 = 5*r, -s*b = -b - 4*r - 22. Calculate the remainder when b is divided by k.
9
Suppose -42 = -y - y - f, 4 = f. Suppose 68 = 3*v - 226. Suppose -3*u = -2*p + v, 2*p - 71 = p - 4*u. What is the remainder when p is divided by y?
17
Let k = 22 + -52. Let l = k - -65. Calculate the remainder when l is divided by 13.
9
Let q(k) = k**2 + 11*k - 7. Let g(s) = s**2 - 7*s + 7. Let m be g(5). Let j(a) = 2*a**2 + a - 3. Calculate the remainder when j(m) is divided by q(-12).
2
Suppose -4*i - 3*w - 7 = 0, 5*i = -4*w - 5 - 3. Calculate the remainder when 33 is divided by 759/45 + 1 + i/(-30).
15
Suppose -3*h + h = -6, 0 = -r - 4*h + 21. Let m = 89 - 56. Calculate the remainder when m is divided by r.
6
What is the remainder when 138 is divided by (25/50)/((-2)/(-52))?
8
Let n = -104 + 34. Let a = -55 - n. Calculate the remainder when 72 is divided by a.
12
Suppose t + 2*t - 6 = 0. Let h be (t/1 + -3)/1. Let g(l) = 3*l**2 - 2*l - 1. What is the remainder when 10 is divided by g(h)?
2
Let w(g) = g**3 + 23*g**2 + 22*g - 179. Calculate the remainder when w(-21) is divided by 13.
7
Let u(a) = 15*a**2 + a. Let x be -1 - 0/(6/2). What is the remainder when u(x) is divided by 6/(-5)*20/(-3)?
6
Let h(c) = 43*c - 22. Calculate the remainder when h(3) is divided by 18.
17
Let s(w) = -w**3 - 15*w**2 - 9*w - 41. What is the remainder when s(-15) is divided by 12?
10
Suppose 4*h - 54 = 10. Suppose -41 = 7*c - 6*c. Let t = 4 - c. Calculate the remainder when t is divided by h.
13
Let b(o) = -3 - 2*o + 7*o + o. Let n = -55 + 59. What is the remainder when b(2) is divided by n?
1
Let q(h) = h**2 + 11 + 19*h - 3*h + 0*h. Let p = 127 - 73. Calculate the remainder when p is divided by q(-16).
10
Let u(j) = -12 - 15*j**2 - 37*j**3 - 2 - 16*j + 36*j**3. Calculate the remainder when u(-14) is divided by 4.
2
Let p = 23 + -2. Let w(m) = m**3 + 5*m**2 - m - 2. Let t be w(-5). Suppose t*i - 247 = -4. Calculate the remainder when i is divided by p.
18
Suppose 5*l + 5*i = 140, 5 = 3*i - 4*i. What is the remainder when 42 is divided by l?
9
Suppose -43 = -0*z - 3*z - 4*h, 2*z - 3*h = 6. Suppose -z*o + 4*o = -25. Suppose o*r = 6 + 9. Calculate the remainder when 13 is divided by r.
1
Let x = -541 + 550. What is the remainder when 240 is divided by x?
6
Suppose -2*i - 3*i + 2*j = -840, -185 = -i - 3*j. Suppose 2*c - 3*f = 166, 0*c - 2*c = -2*f - i. What is the remainder when c is divided by 23?
20
Let f(t) = 2*t**2 + 2*t + 2. Let g be f(-3). Let w(p) = 6*p + 29. What is the remainder when w(g) is divided by 29?
26
Let a(t) = -t**3 + 5*t**2 + 3*t - 3. Let h(c) = c**3 - 5*c**2 - 6*c + 4. Let p be h(6). Calculate the remainder when (3 - p)/((-2)/92) is divided by a(5).
10
Let q(t) = 5*t**3 - 3*t**2 - 3*t + 8. Let d = -54 + 56. Calculate the remainder when (218 + 2)*4/10 is divided by q(d).
28
Suppose 9 - 27 = -3*h. Let d(x) = -x**2 + 9*x - 8. What is the remainder when (57 + (4 - 3))/(3 + -1) is divided by d(h)?
9
Let i be 2/(-9) - (-76)/18. Suppose i*f - 8 = -0. Suppose -9 = 3*u, 0 = -g + f*g - 3*u - 46. What is the remainder when g is divided by 20?
17
Let n(f) = 9*f + 10. Let a be n(9). Calculate the remainder when 3848/a - 4/14 is divided by 15.
12
Let q(p) = -3*p + 76. Calculate the remainder when 220 is divided by q(17).
20
Let j(v) = v**3 + 8*v**